 119841573 a composite number?
True
Is 5399863919 prime?
True
Is 8250436781 prime?
False
Is 493375957 a prime number?
True
Is 95233734737 prime?
False
Is 4622871041 composite?
False
Is 275676559 composite?
False
Is 7257857147 a composite number?
True
Is 32957525155 a composite number?
True
Is 1750768973 a prime number?
True
Is 7918250267 composite?
False
Is 276926269 a prime number?
False
Is 21676879397 a prime number?
True
Is 413649569 a prime number?
False
Is 3511872521 composite?
True
Is 294837619 a prime number?
True
Is 7403095069 prime?
True
Is 933268081 a composite number?
False
Is 3309752179 a composite number?
False
Is 34254621997 a composite number?
False
Is 9402410165 composite?
True
Is 46356037667 a composite number?
True
Is 1587087259 a prime number?
True
Is 6328069361 a composite number?
False
Is 118678830589 prime?
False
Is 1875376435 composite?
True
Is 40312426529 prime?
True
Is 59974067297 composite?
False
Is 86088617 prime?
False
Is 125829091 composite?
True
Is 96677773 a prime number?
True
Is 569978903 composite?
True
Is 12483070877 composite?
False
Is 366726913 a prime number?
False
Is 1751158679 composite?
True
Is 91896412057 a composite number?
False
Is 4825698749 a composite number?
False
Is 3146934085 prime?
False
Is 6368130697 a composite number?
False
Is 14518519573 composite?
False
Is 276706541 prime?
True
Is 7812042397 a prime number?
False
Is 32796832723 composite?
False
Is 49872288467 composite?
True
Is 650927113 a composite number?
True
Is 15225270535 prime?
False
Is 3916188167 composite?
False
Is 2192936777 a prime number?
False
Is 9038653423 composite?
True
Is 5696569097 prime?
True
Is 2156481281 a prime number?
True
Is 23106088057 a composite number?
True
Is 2451907151 a prime number?
False
Is 16725018503 prime?
False
Is 670023857 a prime number?
False
Is 1792961399 prime?
False
Is 45536745229 composite?
False
Is 5647961989 composite?
False
Is 28890321227 a composite number?
False
Is 1363333949 composite?
True
Is 465532579 composite?
False
Is 1793164991 a prime number?
False
Is 324466757 a prime number?
True
Is 54422413571 a prime number?
False
Is 88477351 a prime number?
True
Is 170095789 a composite number?
False
Is 13705176421 prime?
False
Is 1319480627 a prime number?
True
Is 15924052129 composite?
False
Is 2628318769 a composite number?
False
Is 705763477 composite?
False
Is 8249557903 composite?
False
Is 448699993 a composite number?
True
Is 9548766343 a composite number?
True
Is 17144033759 a composite number?
False
Is 1150217183 a prime number?
False
Is 2224949021 a composite number?
True
Is 718366109 composite?
False
Is 79050817 composite?
True
Is 1729327129 prime?
False
Is 5228513743 a prime number?
False
Is 14665039337 a prime number?
False
Is 929478155 composite?
True
Is 3303569791 prime?
True
Is 31213317407 composite?
False
Is 2555377919 a composite number?
False
Is 1553476685 prime?
False
Is 47514698423 a composite number?
False
Is 14996403127 a prime number?
False
Is 499356433 prime?
False
Is 9278012603 a prime number?
False
Is 1441409339 a composite number?
True
Is 7536228603 a composite number?
True
Is 1116157567 composite?
True
Is 991739881 a prime number?
False
Is 53285215541 a prime number?
False
Is 5070722179 prime?
True
Is 21449252233 a composite number?
True
Is 1082922131 a composite number?
True
Is 297595411 a prime number?
False
Is 253576553 a prime number?
True
Is 2109087791 composite?
False
Is 1182900151 composite?
False
Is 3259470559 a composite number?
True
Is 277228067 a composite number?
False
Is 3472789773 a prime number?
False
Is 9048682547 a composite number?
False
Is 646142201 prime?
False
Is 1228247662 a composite number?
True
Is 58335893999 prime?
True
Is 767550851 a prime number?
True
Is 693285289 a prime number?
True
Is 2274805367 a prime number?
False
Is 6603175219 a composite number?
False
Is 206360870173 a composite number?
True
Is 103861465 prime?
False
Is 5171673827 a composite number?
True
Is 2024249371 a composite number?
False
Is 6381971383 prime?
True
Is 1493210737 composite?
False
Is 3519931411 a composite number?
True
Is 9566668477 a composite number?
False
Is 254923633979 a prime number?
False
Is 288285747731 a prime number?
True
Is 19168273331 a prime number?
True
Is 438517543 composite?
True
Is 5221968715 a prime number?
False
Is 1740355667 a prime number?
False
Is 1351525801 a composite number?
False
Is 10379769031 composite?
False
Is 2303144917 a prime number?
True
Is 1337657773 a composite number?
True
Is 5398066571 prime?
True
Is 363346019 a prime number?
False
Is 1675695683 prime?
False
Is 415521949 composite?
False
Is 35418811291 prime?
False
Is 70231649 a prime number?
False
Is 2091022709 prime?
True
Is 13305156559 prime?
False
Is 13280817883 a composite number?
True
Is 15789087029 a composite number?
False
Is 403546303 a composite number?
True
Is 58303458113 a prime number?
True
Is 7497585091 composite?
True
Is 3267044483 prime?
True
Is 259535987 a prime number?
False
Is 102060739 a composite number?
True
Is 8121452731 composite?
True
Is 18757635289 a composite number?
False
Is 116502723503 composite?
False
Is 3730636649 prime?
False
Is 14881283537 a composite number?
True
Is 3640514483 a composite number?
False
Is 1215505649 a prime number?
False
Is 208113845267 a composite number?
False
Is 2662771273 a prime number?
True
Is 38380846717 a prime number?
False
Is 5239350959 composite?
False
Is 805609391 a prime number?
True
Is 270370349 a prime number?
False
Is 17907123397 composite?
True
Is 12966897763 a composite number?
True
Is 41047369 a composite number?
True
Is 137277017 a composite number?
True
Is 1903948507 composite?
True
Is 8975564594 composite?
True
Is 33169631 composite?
True
Is 4015687873 a prime number?
True
Is 1624060577 a composite number?
False
Is 4279827647 a prime number?
False
Is 1124011327 prime?
False
Is 17456556779 composite?
False
Is 369241459801 a composite number?
True
Is 1138276099 prime?
True
Is 7591804099 prime?
False
Is 8596862633 prime?
True
Is 1319514949 prime?
False
Is 531829093 prime?
True
Is 7167443 a composite number?
True
Is 6146462279 composite?
True
Is 5932102763 a composite number?
False
Is 29184457987 composite?
True
Is 6196396559 composite?
False
Is 17293606591 a prime number?
True
Is 254251413641 a prime number?
True
Is 7884808483 a composite number?
False
Is 1140375917 a prime number?
False
Is 90283909 composite?
False
Is 16973382343 composite?
False
Is 1239637607 composite?
True
Is 99931025813 prime?
False
Is 22118909773 prime?
True
Is 1414137629 composite?
False
Is 263204859967 composite?
True
Is 193007791 prime?
True
Is 27790765831 prime?
True
Is 29257926713 composite?
True
Is 185497031 a prime number?
True
Is 14645135737 prime?
False
Is 5105114393 a composite number?
True
Is 28730471389 a composite number?
True
Is 3624503401 prime?
True
Is 2019256177 a composite number?
True
Is 18150303851 composite?
False
Is 5920951441 a prime number?
True
Is 3338300219 composite?
True
Is 1276122401 composite?
True
Is 6688683259 composite?
True
Is 696456461 a prime number?
True
Is 293132117242 a prime number?
False
Is 74722600133 composite?
True
Is 3891898139 prime?
True
Is 1695368837 a composite number?
False
Is 46478397601 prime?
True
Is 755707033 composite?
True
Is 7198470281 a composite number?
True
Is 3649150163 a prime number?
False
Is 451177949 a composite number?
True
Is 17982157 a prime number?
False
Is 64728620149 a prime number?
True
Is 75791944178 prime?
False
Is 3558379897 a composite number?
False
Is 11730218231 composite?
True
Is 20640564601 a composite number?
True
Is 1644636767 a composite number?
False
Is 43718435893 composite?
True
Is 2286122849 composite?
True
Is 10843218563 composite?
False
Is 7833192737 prime?
False
Is 8031072839 a prime number?
True
Is 4796947 a composite number?
True
Is 179037598983 a composite number?
True
Is 28536085687 composite?
True
Is 7715978117 prime?
False
Is 1781533781 composite?
False
Is 543150061 a prime number?
True
Is 1171285331 prime?
True
Is 1544977997 a composite number?
False
Is 155941823759 composite?
False
Is 10744432099 a prime number?
True
Is 1464340793 composite?
True
Is 113419451 composite?
False
Is 1032959243 a prime number?
True
Is 4650243839 a compos